{"id":998,"date":"2023-11-08T17:03:17","date_gmt":"2023-11-08T16:03:17","guid":{"rendered":"https:\/\/dixiepomerania.pl\/?page_id=998"},"modified":"2026-03-20T19:23:12","modified_gmt":"2026-03-20T18:23:12","slug":"ar-15-ar-10","status":"publish","type":"page","link":"https:\/\/dixiepomerania.pl\/?page_id=998","title":{"rendered":"AR-15\/AR-10"},"content":{"rendered":"\n<p><strong><em><mark style=\"background-color:rgba(0, 0, 0, 0);color:#74c011\" class=\"has-inline-color\">Strona jest aktualizowana raz dziennie!<\/mark><\/em><\/strong><\/p>\n\n\n\n<p><img loading=\"lazy\" decoding=\"async\" width=\"150\" height=\"100\" class=\"wp-image-2159\" style=\"width: 150px;\" src=\"https:\/\/dixiepomerania.pl\/wp-content\/uploads\/2024\/06\/ccml-mb.png\" alt=\"\" srcset=\"https:\/\/dixiepomerania.pl\/wp-content\/uploads\/2024\/06\/ccml-mb.png 850w, https:\/\/dixiepomerania.pl\/wp-content\/uploads\/2024\/06\/ccml-mb-300x199.png 300w, https:\/\/dixiepomerania.pl\/wp-content\/uploads\/2024\/06\/ccml-mb-768x510.png 768w\" sizes=\"auto, (max-width: 150px) 100vw, 150px\" \/> Diamondback DB-15 CCML MB (Midnight Brown) karabin samopowtarzalny typu AR-15, kal .223 Rem.\/5,56mm NATO, lufa 16\u2033, Diamondback, USA 2024. Cena 5050 PLN.<\/p>\n\n\n\n<p><img loading=\"lazy\" decoding=\"async\" width=\"150\" height=\"42\" class=\"wp-image-3354\" style=\"width: 150px;\" src=\"https:\/\/dixiepomerania.pl\/wp-content\/uploads\/2025\/01\/DB15-CCML-FDE-e1738257148459.jpg\" alt=\"\" srcset=\"https:\/\/dixiepomerania.pl\/wp-content\/uploads\/2025\/01\/DB15-CCML-FDE-e1738257148459.jpg 1178w, https:\/\/dixiepomerania.pl\/wp-content\/uploads\/2025\/01\/DB15-CCML-FDE-e1738257148459-300x83.jpg 300w, https:\/\/dixiepomerania.pl\/wp-content\/uploads\/2025\/01\/DB15-CCML-FDE-e1738257148459-1024x283.jpg 1024w, https:\/\/dixiepomerania.pl\/wp-content\/uploads\/2025\/01\/DB15-CCML-FDE-e1738257148459-768x213.jpg 768w\" sizes=\"auto, (max-width: 150px) 100vw, 150px\" \/> Diamondback DB-15 CCML FDE (Desert Sand) karabin samopowtarzalny typu AR-15, kal .223 Rem.\/5,56mm NATO, lufa 16\u2033, Diamondback, USA 2024. Cena 5050 PLN.<\/p>\n\n\n\n<p><img loading=\"lazy\" decoding=\"async\" width=\"150\" height=\"35\" class=\"wp-image-3579\" style=\"width: 150px;\" src=\"https:\/\/dixiepomerania.pl\/wp-content\/uploads\/2025\/03\/DB15-Carbon-Series-Jesse-James-Civil-Defense-Blue-e1742298432187.jpg\" alt=\"\" srcset=\"https:\/\/dixiepomerania.pl\/wp-content\/uploads\/2025\/03\/DB15-Carbon-Series-Jesse-James-Civil-Defense-Blue-e1742298432187.jpg 943w, https:\/\/dixiepomerania.pl\/wp-content\/uploads\/2025\/03\/DB15-Carbon-Series-Jesse-James-Civil-Defense-Blue-e1742298432187-300x71.jpg 300w, https:\/\/dixiepomerania.pl\/wp-content\/uploads\/2025\/03\/DB15-Carbon-Series-Jesse-James-Civil-Defense-Blue-e1742298432187-768x182.jpg 768w\" sizes=\"auto, (max-width: 150px) 100vw, 150px\" \/> Diamondback DB15 Carbon Series Jesse James Defense Blue karabin samopowtarzalny typu AR-15, kal. 223 Rem.\/5.56 NATO, lufa 16&#8243;, Diamondback, USA 2024. Cena 4890 PLN.<\/p>\n\n\n\n<p><img loading=\"lazy\" decoding=\"async\" width=\"150\" height=\"46\" class=\"wp-image-1959\" style=\"width: 150px;\" src=\"https:\/\/dixiepomerania.pl\/wp-content\/uploads\/2024\/05\/psa-carbine.jpg\" alt=\"\" srcset=\"https:\/\/dixiepomerania.pl\/wp-content\/uploads\/2024\/05\/psa-carbine.jpg 1172w, https:\/\/dixiepomerania.pl\/wp-content\/uploads\/2024\/05\/psa-carbine-300x93.jpg 300w, https:\/\/dixiepomerania.pl\/wp-content\/uploads\/2024\/05\/psa-carbine-1024x317.jpg 1024w, https:\/\/dixiepomerania.pl\/wp-content\/uploads\/2024\/05\/psa-carbine-768x238.jpg 768w\" sizes=\"auto, (max-width: 150px) 100vw, 150px\" \/> PSA 16&#8243; PA-15 M4 Carbine Length karabin samopowtarzalny typu AR-15, kal. 223 Rem.\/5,56 NATO, lufa 16&#8243;, skok gwintu 1\/7, chwyt 13,5&#8243; Lightweight M-Lock, Palmetto State Armory, USA 2023. Cena 3975 PLN.<\/p>\n\n\n\n<p><img loading=\"lazy\" decoding=\"async\" width=\"150\" height=\"77\" class=\"wp-image-2027\" style=\"width: 150px;\" src=\"https:\/\/dixiepomerania.pl\/wp-content\/uploads\/2024\/06\/Ruger-SFAR.jpg\" alt=\"\" srcset=\"https:\/\/dixiepomerania.pl\/wp-content\/uploads\/2024\/06\/Ruger-SFAR.jpg 1400w, https:\/\/dixiepomerania.pl\/wp-content\/uploads\/2024\/06\/Ruger-SFAR-300x155.jpg 300w, https:\/\/dixiepomerania.pl\/wp-content\/uploads\/2024\/06\/Ruger-SFAR-1024x527.jpg 1024w, https:\/\/dixiepomerania.pl\/wp-content\/uploads\/2024\/06\/Ruger-SFAR-768x396.jpg 768w\" sizes=\"auto, (max-width: 150px) 100vw, 150px\" \/> Ruger SFAR 16&#8243; karabin samopowtarzalny typu AR-10, kal. 308 Win\/7,62 NATO, lufa 16&#8243;, black hardcote anodized, Magpul, (Model 05610), Ruger USA 2023. Cena: 6100 PLN.<\/p>\n\n\n\n<p><img loading=\"lazy\" decoding=\"async\" width=\"150\" height=\"40\" class=\"wp-image-4049\" style=\"width: 150px;\" src=\"https:\/\/dixiepomerania.pl\/wp-content\/uploads\/2025\/07\/Sabatti-SAR-e1751563094142.jpg\" alt=\"\" srcset=\"https:\/\/dixiepomerania.pl\/wp-content\/uploads\/2025\/07\/Sabatti-SAR-e1751563094142.jpg 1510w, https:\/\/dixiepomerania.pl\/wp-content\/uploads\/2025\/07\/Sabatti-SAR-e1751563094142-300x79.jpg 300w, https:\/\/dixiepomerania.pl\/wp-content\/uploads\/2025\/07\/Sabatti-SAR-e1751563094142-1024x271.jpg 1024w, https:\/\/dixiepomerania.pl\/wp-content\/uploads\/2025\/07\/Sabatti-SAR-e1751563094142-768x203.jpg 768w\" sizes=\"auto, (max-width: 150px) 100vw, 150px\" \/> Sabatti AR-15, S.A.R. 18,5&#8243; karabin samopowtarzalny typu AR-15, kal. 5,56 NATO\/223 Rem., lufa 18,5&#8243; (47cm), Sabatti, W\u0142ochy 2024r. Cena: 5200 PLN.   NIEDOST\u0118PNY<\/p>\n\n\n\n<p><img loading=\"lazy\" decoding=\"async\" width=\"150\" height=\"54\" class=\"wp-image-5278\" style=\"width: 150px;\" src=\"https:\/\/dixiepomerania.pl\/wp-content\/uploads\/2026\/02\/PAC-used-scaled.jpg\" alt=\"\" srcset=\"https:\/\/dixiepomerania.pl\/wp-content\/uploads\/2026\/02\/PAC-used-scaled.jpg 2560w, https:\/\/dixiepomerania.pl\/wp-content\/uploads\/2026\/02\/PAC-used-300x108.jpg 300w, https:\/\/dixiepomerania.pl\/wp-content\/uploads\/2026\/02\/PAC-used-1024x370.jpg 1024w, https:\/\/dixiepomerania.pl\/wp-content\/uploads\/2026\/02\/PAC-used-768x278.jpg 768w, https:\/\/dixiepomerania.pl\/wp-content\/uploads\/2026\/02\/PAC-used-1536x555.jpg 1536w, https:\/\/dixiepomerania.pl\/wp-content\/uploads\/2026\/02\/PAC-used-2048x740.jpg 2048w\" sizes=\"auto, (max-width: 150px) 100vw, 150px\" \/> Suveren PAC 15 10,5&#8243; karabinek spwt. typu AR-15, kal. 223 Remington\/5,56 NATO, Suveren, Polska 2022. W zestawie: kolimator punktowy Konus z 9 stopniow\u0105 skal\u0105 regulacji, kropka czerwona i zielona do wyboru, mech. przyrz\u0105dy celownicze, chwyt przedni. Obustronny selektor ognia i obustronna d\u017awignia prze\u0142adowania. Kolba w 6 zakresach regulacji. Przebieg ok. 1500 sztuk. Lufa w bardzo dobrym stanie. Bez magazynka. Bro\u0144 u\u017cywana, w bardzo dobrym stanie, bez gwarancji. Cena 4500 PLN.<\/p>\n\n\n\n<p><img loading=\"lazy\" decoding=\"async\" width=\"150\" height=\"63\" class=\"wp-image-2840\" style=\"width: 150px;\" src=\"https:\/\/dixiepomerania.pl\/wp-content\/uploads\/2024\/10\/ARX-15-MS_PRO.png\" alt=\"\" srcset=\"https:\/\/dixiepomerania.pl\/wp-content\/uploads\/2024\/10\/ARX-15-MS_PRO.png 1280w, https:\/\/dixiepomerania.pl\/wp-content\/uploads\/2024\/10\/ARX-15-MS_PRO-300x125.png 300w, https:\/\/dixiepomerania.pl\/wp-content\/uploads\/2024\/10\/ARX-15-MS_PRO-1024x427.png 1024w, https:\/\/dixiepomerania.pl\/wp-content\/uploads\/2024\/10\/ARX-15-MS_PRO-768x320.png 768w\" sizes=\"auto, (max-width: 150px) 100vw, 150px\" \/> Tinck AR X-15 MS-PRO karabin samopowtarzalny typu AR-15, kal. 223 Rem.\/5.56 NATO, lufa 12,5&#8243;, chwyt M-lock 11,5&#8243;, mechaniczne przyrz\u0105dy celownicze, adjustable gas block, Tinck Arms, S\u0142owenia 2024. Cena: 6900 PLN.<\/p>\n\n\n\n<p><img loading=\"lazy\" decoding=\"async\" width=\"150\" height=\"63\" class=\"wp-image-2840\" style=\"width: 150px;\" src=\"https:\/\/dixiepomerania.pl\/wp-content\/uploads\/2024\/10\/ARX-15-MS_PRO.png\" alt=\"\" srcset=\"https:\/\/dixiepomerania.pl\/wp-content\/uploads\/2024\/10\/ARX-15-MS_PRO.png 1280w, https:\/\/dixiepomerania.pl\/wp-content\/uploads\/2024\/10\/ARX-15-MS_PRO-300x125.png 300w, https:\/\/dixiepomerania.pl\/wp-content\/uploads\/2024\/10\/ARX-15-MS_PRO-1024x427.png 1024w, https:\/\/dixiepomerania.pl\/wp-content\/uploads\/2024\/10\/ARX-15-MS_PRO-768x320.png 768w\" sizes=\"auto, (max-width: 150px) 100vw, 150px\" \/> Tinck AR X-15 MS-PRO karabin samopowtarzalny typu AR-15, kal. 223 Rem.\/5.56 NATO, lufa 14,5&#8243;, chwyt M-lock 13,5&#8243;, mechaniczne przyrz\u0105dy celownicze, adjustable gas block, Tinck Arms, S\u0142owenia 2024. Cena: 6975 PLN. <\/p>\n\n\n\n<p><img loading=\"lazy\" decoding=\"async\" width=\"150\" height=\"63\" class=\"wp-image-2840\" style=\"width: 150px;\" src=\"https:\/\/dixiepomerania.pl\/wp-content\/uploads\/2024\/10\/ARX-15-MS_PRO.png\" alt=\"\" srcset=\"https:\/\/dixiepomerania.pl\/wp-content\/uploads\/2024\/10\/ARX-15-MS_PRO.png 1280w, https:\/\/dixiepomerania.pl\/wp-content\/uploads\/2024\/10\/ARX-15-MS_PRO-300x125.png 300w, https:\/\/dixiepomerania.pl\/wp-content\/uploads\/2024\/10\/ARX-15-MS_PRO-1024x427.png 1024w, https:\/\/dixiepomerania.pl\/wp-content\/uploads\/2024\/10\/ARX-15-MS_PRO-768x320.png 768w\" sizes=\"auto, (max-width: 150px) 100vw, 150px\" \/> Tinck AR X-15 MS-PRO karabin samopowtarzalny typu AR-15, kal. 223 Rem.\/5.56 NATO, lufa 16&#8243;, chwyt M-lock 15&#8243;, mechaniczne przyrz\u0105dy celownicze, adjustable gas block, Tinck Arms, S\u0142owenia 2024. Cena: 6975 PLN.  Rezerwacja<\/p>\n\n\n\n<p><img loading=\"lazy\" decoding=\"async\" width=\"150\" height=\"134\" class=\"wp-image-3239\" style=\"width: 150px;\" src=\"https:\/\/dixiepomerania.pl\/wp-content\/uploads\/2025\/01\/Eotech-e1736871133370.png\" alt=\"\" srcset=\"https:\/\/dixiepomerania.pl\/wp-content\/uploads\/2025\/01\/Eotech-e1736871133370.png 551w, https:\/\/dixiepomerania.pl\/wp-content\/uploads\/2025\/01\/Eotech-e1736871133370-300x268.png 300w\" sizes=\"auto, (max-width: 150px) 100vw, 150px\" \/> Kolimator z powi\u0119kszalnikiem x5 EOTECH EXPS 3-4ZG45 (do AR15).  Sprzeda\u017c komisowa. Cena: 9000 PLN<\/p>\n\n\n\n<p>MAGPUL AR\/M4 PMAG30 Gen M2 magazynek kal. 223 Rem.\/5,56 NATO 30-nab. do AR-15 . Cena 75 PLN<\/p>\n\n\n\n<p><img loading=\"lazy\" decoding=\"async\" width=\"150\" height=\"133\" class=\"wp-image-4693\" style=\"width: 150px;\" src=\"https:\/\/dixiepomerania.pl\/wp-content\/uploads\/2025\/11\/kolba-magpul-prs-gen3-precision-adjustable-stock-mag672-czarna-e1764253008136.png\" alt=\"\" srcset=\"https:\/\/dixiepomerania.pl\/wp-content\/uploads\/2025\/11\/kolba-magpul-prs-gen3-precision-adjustable-stock-mag672-czarna-e1764253008136.png 436w, https:\/\/dixiepomerania.pl\/wp-content\/uploads\/2025\/11\/kolba-magpul-prs-gen3-precision-adjustable-stock-mag672-czarna-e1764253008136-300x266.png 300w\" sizes=\"auto, (max-width: 150px) 100vw, 150px\" \/> Magpul PRS Gen.3 Stock\/kolba. Sprzeda\u017c komisowa, stan jak nowy. Cena 1400 PLN<\/p>\n\n\n\n<p><img loading=\"lazy\" decoding=\"async\" width=\"150\" height=\"113\" class=\"wp-image-4700\" style=\"width: 150px;\" src=\"https:\/\/dixiepomerania.pl\/wp-content\/uploads\/2025\/11\/acc-ar15-100dd.avif\" alt=\"\" srcset=\"https:\/\/dixiepomerania.pl\/wp-content\/uploads\/2025\/11\/acc-ar15-100dd.avif 722w, https:\/\/dixiepomerania.pl\/wp-content\/uploads\/2025\/11\/acc-ar15-100dd-300x225.avif 300w\" sizes=\"auto, (max-width: 150px) 100vw, 150px\" \/> AR 15 (M16\/M4) magazynek 100 nab. + \u0142adownica\/kabura. Sprzeda\u017c komisowa, stan jak nowy. Cena 900 PLN<\/p>\n\n\n\n<p><\/p>\n\n\n\n<p><\/p>\n","protected":false},"excerpt":{"rendered":"<p>Strona jest aktualizowana raz dziennie! Diamondback DB-15 CCML MB (Midnight Brown) karabin samopowtarzalny typu AR-15, kal .223 Rem.\/5,56mm NATO, lufa 16\u2033, Diamondback, USA 2024. Cena 5050 PLN. Diamondback DB-15 CCML FDE (Desert Sand) karabin samopowtarzalny typu AR-15, kal .223 Rem.\/5,56mm NATO, lufa 16\u2033, Diamondback, USA 2024. Cena 5050 PLN. Diamondback DB15 Carbon Series Jesse James [&hellip;]<\/p>\n","protected":false},"author":1,"featured_media":0,"parent":0,"menu_order":0,"comment_status":"closed","ping_status":"closed","template":"","meta":{"footnotes":""},"class_list":["post-998","page","type-page","status-publish","hentry"],"_links":{"self":[{"href":"https:\/\/dixiepomerania.pl\/index.php?rest_route=\/wp\/v2\/pages\/998","targetHints":{"allow":["GET"]}}],"collection":[{"href":"https:\/\/dixiepomerania.pl\/index.php?rest_route=\/wp\/v2\/pages"}],"about":[{"href":"https:\/\/dixiepomerania.pl\/index.php?rest_route=\/wp\/v2\/types\/page"}],"author":[{"embeddable":true,"href":"https:\/\/dixiepomerania.pl\/index.php?rest_route=\/wp\/v2\/users\/1"}],"replies":[{"embeddable":true,"href":"https:\/\/dixiepomerania.pl\/index.php?rest_route=%2Fwp%2Fv2%2Fcomments&post=998"}],"version-history":[{"count":177,"href":"https:\/\/dixiepomerania.pl\/index.php?rest_route=\/wp\/v2\/pages\/998\/revisions"}],"predecessor-version":[{"id":5431,"href":"https:\/\/dixiepomerania.pl\/index.php?rest_route=\/wp\/v2\/pages\/998\/revisions\/5431"}],"wp:attachment":[{"href":"https:\/\/dixiepomerania.pl\/index.php?rest_route=%2Fwp%2Fv2%2Fmedia&parent=998"}],"curies":[{"name":"wp","href":"https:\/\/api.w.org\/{rel}","templated":true}]}}